{"entities":{"Q165529":{"pageid":84952,"ns":120,"title":"Item:Q165529","lastrevid":274816,"modified":"2025-03-06T00:26:39Z","type":"item","id":"Q165529","labels":{"es":{"language":"es","value":"alcalde de Entr\u00edn Bajo"},"en":{"language":"en","value":"mayor of Entr\u00edn Bajo"}},"descriptions":{"es":{"language":"es","value":"cargo pol\u00edtico en Espa\u00f1a"},"en":{"language":"en","value":"political position in Spain"}},"aliases":{},"claims":{},"sitelinks":{}}}}

alcalde de Entrín Bajo

mayor of Entrín Bajo

cargo político en España
