{"entities":{"Q166468":{"pageid":85391,"ns":120,"title":"Item:Q166468","lastrevid":276515,"modified":"2025-03-06T00:40:00Z","type":"item","id":"Q166468","labels":{"es":{"language":"es","value":"alcalde de Paterna del R\u00edo"},"en":{"language":"en","value":"mayor of Paterna del R\u00edo"}},"descriptions":{"es":{"language":"es","value":"cargo pol\u00edtico en Espa\u00f1a"},"en":{"language":"en","value":"political position in Spain"}},"aliases":{},"claims":{},"sitelinks":{}}}}

alcalde de Paterna del Río

mayor of Paterna del Río

cargo político en España
