{"entities":{"Q177931":{"pageid":90871,"ns":120,"title":"Item:Q177931","lastrevid":298139,"modified":"2025-03-06T04:01:17Z","type":"item","id":"Q177931","labels":{"es":{"language":"es","value":"alcalde de Viller\u00edas de Campos"},"en":{"language":"en","value":"mayor of Viller\u00edas de Campos"}},"descriptions":{"es":{"language":"es","value":"cargo pol\u00edtico en Espa\u00f1a"},"en":{"language":"en","value":"political position in Spain"}},"aliases":{},"claims":{},"sitelinks":{}}}}

alcalde de Villerías de Campos

mayor of Villerías de Campos

cargo político en España
