{"entities":{"Q185868":{"pageid":94655,"ns":120,"title":"Item:Q185868","lastrevid":314038,"modified":"2025-03-06T06:51:04Z","type":"item","id":"Q185868","labels":{"es":{"language":"es","value":"alcalde de Belv\u00eds de la Jara"},"en":{"language":"en","value":"mayor of Belv\u00eds de la Jara"}},"descriptions":{"es":{"language":"es","value":"cargo pol\u00edtico en Espa\u00f1a"},"en":{"language":"en","value":"political position in Spain"}},"aliases":{},"claims":{},"sitelinks":{}}}}

alcalde de Belvís de la Jara

mayor of Belvís de la Jara

cargo político en España
