{"entities":{"Q164407":{"pageid":84502,"ns":120,"title":"Item:Q164407","lastrevid":272981,"modified":"2025-03-06T00:10:52Z","type":"item","id":"Q164407","labels":{"es":{"language":"es","value":"alcalde de Santib\u00e1\u00f1ez el Bajo"},"en":{"language":"en","value":"mayor of Santib\u00e1\u00f1ez el Bajo"}},"descriptions":{"es":{"language":"es","value":"cargo pol\u00edtico en Espa\u00f1a"},"en":{"language":"en","value":"political position in Spain"}},"aliases":{},"claims":{},"sitelinks":{}}}}

alcalde de Santibáñez el Bajo

mayor of Santibáñez el Bajo

cargo político en España
