{"entities":{"Q165317":{"pageid":84870,"ns":120,"title":"Item:Q165317","lastrevid":274488,"modified":"2025-03-06T00:23:35Z","type":"item","id":"Q165317","labels":{"es":{"language":"es","value":"alcalde de Sufl\u00ed"},"en":{"language":"en","value":"mayor of Sufl\u00ed"}},"descriptions":{"es":{"language":"es","value":"cargo pol\u00edtico en Espa\u00f1a"},"en":{"language":"en","value":"political position in Spain"}},"aliases":{},"claims":{},"sitelinks":{}}}}

alcalde de Suflí

mayor of Suflí

cargo político en España
