{"entities":{"Q167234":{"pageid":85731,"ns":120,"title":"Item:Q167234","lastrevid":277853,"modified":"2025-03-06T00:50:55Z","type":"item","id":"Q167234","labels":{"es":{"language":"es","value":"alcalde de Poli\u00f1\u00e1 de J\u00facar"},"en":{"language":"en","value":"mayor of Poli\u00f1\u00e1 de J\u00facar"}},"descriptions":{"es":{"language":"es","value":"cargo pol\u00edtico en Espa\u00f1a"},"en":{"language":"en","value":"political position in Spain"}},"aliases":{},"claims":{},"sitelinks":{}}}}

alcalde de Poliñá de Júcar

mayor of Poliñá de Júcar

cargo político en España
