{"entities":{"Q169379":{"pageid":86696,"ns":120,"title":"Item:Q169379","lastrevid":281469,"modified":"2025-03-06T01:19:31Z","type":"item","id":"Q169379","labels":{"es":{"language":"es","value":"alcalde de As\u00edn"},"en":{"language":"en","value":"mayor of As\u00edn"}},"descriptions":{"es":{"language":"es","value":"cargo pol\u00edtico en Espa\u00f1a"},"en":{"language":"en","value":"political position in Spain"}},"aliases":{},"claims":{},"sitelinks":{}}}}

alcalde de Asín

mayor of Asín

cargo político en España
