{"entities":{"Q172367":{"pageid":87986,"ns":120,"title":"Item:Q172367","lastrevid":286513,"modified":"2025-03-06T02:02:36Z","type":"item","id":"Q172367","labels":{"es":{"language":"es","value":"alcalde de Mediana de Arag\u00f3n"},"en":{"language":"en","value":"mayor of Mediana de Arag\u00f3n"}},"descriptions":{"es":{"language":"es","value":"cargo pol\u00edtico en Espa\u00f1a"},"en":{"language":"en","value":"political position in Spain"}},"aliases":{},"claims":{},"sitelinks":{}}}}

alcalde de Mediana de Aragón

mayor of Mediana de Aragón

cargo político en España
