{"entities":{"Q178049":{"pageid":90934,"ns":120,"title":"Item:Q178049","lastrevid":298410,"modified":"2025-03-06T04:03:57Z","type":"item","id":"Q178049","labels":{"es":{"language":"es","value":"alcalde de La Alameda de Gard\u00f3n"},"en":{"language":"en","value":"mayor of La Alameda de Gard\u00f3n"}},"descriptions":{"es":{"language":"es","value":"cargo pol\u00edtico en Espa\u00f1a"},"en":{"language":"en","value":"political position in Spain"}},"aliases":{},"claims":{},"sitelinks":{}}}}

alcalde de La Alameda de Gardón

mayor of La Alameda de Gardón

cargo político en España
