{"entities":{"Q178096":{"pageid":90964,"ns":120,"title":"Item:Q178096","lastrevid":298541,"modified":"2025-03-06T04:05:01Z","type":"item","id":"Q178096","labels":{"es":{"language":"es","value":"alcalde de La Alberguer\u00eda de Arga\u00f1\u00e1n"},"en":{"language":"en","value":"mayor of La Alberguer\u00eda de Arga\u00f1\u00e1n"}},"descriptions":{"es":{"language":"es","value":"cargo pol\u00edtico en Espa\u00f1a"},"en":{"language":"en","value":"political position in Spain"}},"aliases":{},"claims":{},"sitelinks":{}}}}

alcalde de La Alberguería de Argañán

mayor of La Alberguería de Argañán

cargo político en España
